).
6
Let h(y) = -y**2 - 3. Let v = -39 + 39. Determine h(v).
-3
Suppose g = s, -6*g + 2*g = -20. Let o(i) = i - 12. Give o(s).
-7
Let z(g) = 4*g - 3*g**2 - 5*g + g**2 + 5 + 2*g. Let l(s) = 3*s**2 - 2*s - 8. Let p(t) = 5*l(t) + 8*z(t). Let f = -2 + -1. Determine p(f).
-3
Suppose -13 - 1 = -7*d. Let y(n) be the first derivative of -1/4*n**4 + d + n**3 + 5/2*n**2 - 5*n. Give y(4).
-1
Let n(y) be the first derivative of 5*y**4/4 + y**3 - y**2 - 6*y + 3. Let a(r) = -6*r**3 - 3*r**2 + r + 6. Let f(i) = -4*a(i) - 5*n(i). Calculate f(-4).
-2
Let c(s) be the third derivative of -s**6/40 - s**5/60 - s**2. Let w(k) = k**3 + 2*k**2 - 3. Let b be w(-3). Let p be 8/2 + 9 + b. What is c(p)?
-4
Let s(q) = -4*q**2 - q + 1. Suppose 4*t = 4 - 0. Suppose 3*h + 5 = -b, 1 = -2*b + 2*h - t. Let n(u) = -u**2 - 4*u - 3. Let v be n(b). Give s(v).
-4
Let d(v) = -v**2 + 4. Suppose i + 4*m - 8 = -3, -3*m - 9 = 5*i. What is d(i)?
-5
Suppose 7*l - 32 = -4. Let f(h) be the first derivative of h**3/3 - 3*h**2/2 + h - 1. Give f(l).
5
Suppose -6*l - 4 = 8. Let d(m) = -6*m + 3*m + 1 + 0. Let t(n) = -4*n + 1. Let w(o) = -5*d(o) + 4*t(o). Give w(l).
1
Let o(n) = -5*n**3 - 24*n**2 + 10*n + 14. Let r(k) = -2*k**3 - 8*k**2 + 3*k + 5. Let q(i) = 3*o(i) - 8*r(i). Determine q(7).
-5
Let o(f) = 4*f**3 + 3*f**2 - 19*f - 24. Let w(u) = u**3 + u**2 - 5*u - 6. Let r(n) = 2*o(n) - 9*w(n). Calculate r(-4).
-6
Let w be 6*8/(-48)*2/(-2). Let g(z) = z - 3. Let d be g(5). Let i(j) = -2 + d - 2*j. What is i(w)?
-2
Let m(o) = -7*o + 2. Let g(j) = 5*j - 10*j + 6*j + 1. Let k(n) = -6*g(n) - m(n). Suppose -a + 1 + 5 = 0. Determine k(a).
-2
Let h be (2 + 2)*1 + 0. Suppose -h*m - 2*y = -y - 19, 0 = -4*m - 3*y + 9. Let q(t) = 8*t - 7 - 1 - t - m*t. Determine q(6).
-2
Let r(t) = -2*t**3 + 2*t**2 + 6*t - 1. Let h(q) = -q**3 - q**2 + q - 1. Let d = 5 - 4. Let w(y) = d*r(y) - 3*h(y). Calculate w(-4).
6
Suppose 0 = -3*k + 4*o + 1, 3*o = k - 0*k - 7. Let x(a) be the first derivative of -a**2 - a + 1. Calculate x(k).
9
Let o(j) = -j**3 - 9*j**2 + 2. Let t(c) = -7*c + 33. Let k be t(6). Calculate o(k).
2
Let a be ((-18)/(-4))/((-3)/(-4)). Let h(f) = 2 + a*f - 1 - 2. Let d be ((-15)/(-10) + -2)*-2. What is h(d)?
5
Let i(d) = 8*d + 5 - 2*d - 5*d. What is i(-6)?
-1
Suppose 0 = 2*r + 4 + 6. Let v(q) = -q**2 + 7*q - 5. Let u be v(4). Let s(a) = -5*a - a**3 + 0 + a**2 + 6 - u*a**2. Give s(r).
6
Suppose -10 = -3*i - 1. Let g(r) = 0*r + 2*r - r. Calculate g(i).
3
Let h(f) be the second derivative of -f**4/12 - f**3/6 + 5*f**2/2 - 8*f. Give h(4).
-15
Let h(f) = -f**3 + f**2 + 1 + 0 - 7*f**2 - 15*f + 11*f. Suppose -3*u + 7*u - 64 = 0. Suppose u + 9 = -5*p. What is h(p)?
-4
Suppose 4*m - 25 = -0*m - 5*r, 0 = -5*m + 5*r + 20. Let p = 15 + -6. Let c = m - p. Let o(z) = -z**3 - 5*z**2 - z + 2. What is o(c)?
-10
Let m(g) be the second derivative of g**4/12 + 5*g**3/3 + 4*g**2 + 6*g. What is m(-8)?
-8
Let p(r) = -8*r. Suppose -2*n = 3*n - 30. Suppose -4 = 10*c - n*c. Give p(c).
8
Let a(f) = 2*f - 11. Let c be a(8). Let t(i) = i + 1. Let s be t(c). Suppose 3*d - s = 3*o, -2*d = -o - 4*d - 2. Let n(b) = 2*b + 2. Calculate n(o).
-2
Let x be (2 - 2)/(2/1). Let i(p) be the first derivative of -p**2/2 - 4*p + 10. Calculate i(x).
-4
Let w(s) = -s**2 + 3*s + 1. Let r be (-55)/(-30) + (-2)/(-12). What is w(r)?
3
Let u(j) = -5*j**3 + 15*j**2 + 2*j - 5. Let o(b) = -4*b**3 + 14*b**2 + 3*b - 4. Let f(s) = 6*o(s) - 5*u(s). Give f(-8).
1
Let m(g) be the third derivative of -3/40*g**6 + 1/30*g**5 + 0 + 0*g - 1/24*g**4 + 3*g**2 + 0*g**3. What is m(1)?
-8
Let h(g) = -g**2. Let i(m) = 2*m**2 - 4*m + 2. Let r(k) = 2*h(k) - i(k). Determine r(2).
-10
Let y(d) be the third derivative of d**5/60 - d**4/24 - 5*d**3/2 - 2*d**2 - 11. Give y(0).
-15
Let m = 16 + -15. Let b(r) = 8*r**2 + 2*r - 1. Calculate b(m).
9
Let y(u) = u**2 - u + 2. Let m be y(-2). Suppose -2 = -2*w, 0 = -4*p - 2*w + 10 + m. Suppose 2*b - 4*b = p. Let i(k) = 2*k - 1. What is i(b)?
-5
Suppose 0 = -0*u + u - 6. Suppose u = 3*r - 0*r. Let t(z) = -2*z - r*z + 2*z. What is t(-3)?
6
Let y(g) = 5*g**2 + g. Let m be y(-1). Let z(h) be the second derivative of h - 1/2*h**2 - 1/20*h**5 + 1/3*h**4 + 0 + 1/6*h**3. Calculate z(m).
3
Let j be 3/9*0*1. Let y(d) be the second derivative of d**4/12 + d**3/6 - 7*d**2/2 + d. What is y(j)?
-7
Let c = 0 + -2. Let p = c + 2. Let j(z) = -z**2 + z + 5. Determine j(p).
5
Let l(x) = -x**2 - 6*x - 4. Let w be l(-5). Let j(u) = -10*u**3 + u**2 - u + 1. Give j(w).
-9
Let n(o) = o**3 - 4*o**2 - 6*o - 3. Suppose 0*j - 2 = 2*i - 3*j, 0 = 4*i + 3*j - 32. Determine n(i).
-8
Let p(d) be the first derivative of d**2/2 + 31. What is p(-3)?
-3
Let x = 5 - -3. Suppose 0 = -g - 3*m + 8, -3*g - m - x + 0 = 0. Let n(c) = -5 + 1 - c + 0. Determine n(g).
0
Suppose -5*p + k = -4, 0 = 3*p - k - k - 8. Let d(z) = p + 0 + 4 - 1 - 4*z. What is d(-3)?
15
Let h(s) = 29*s**2 + 5*s - 7. Let l(b) = -43*b**2 - 8*b + 11. Let j(t) = 8*h(t) + 5*l(t). Calculate j(-1).
16
Let c be 12/8*28/6. Let q = c - 10. Let a(m) = 2*m - 3. Determine a(q).
-9
Let k(n) = -n**3 - 8*n**2 - 5*n + 9. Let j(z) = -z - 17. Let t be j(-10). Calculate k(t).
-5
Let d(r) = -r**2 - 3. Let i(j) = -j**2 - 2. Let n(f) = -2*d(f) + 3*i(f). Suppose 0 = -s - 0 + 2. Suppose -4*p - 7*m = -s*m + 16, -8 = 2*m. Determine n(p).
-1
Let p(o) = 4*o + 0 - 2 - 5*o**2 - 2*o + 3. Determine p(-1).
-6
Suppose 10 = -5*j - 20. Let r(v) = -v**2 - 8*v - 4. Give r(j).
8
Let u(x) = -4*x - 1. Suppose 0 = -a - 3*a + 20. Suppose 0 = a*f - 4 - 6. What is u(f)?
-9
Let b(j) be the first derivative of -4/3*j**3 - 4*j + 1/4*j**4 + 0*j**2 + 1. Give b(4).
-4
Let q(r) be the third derivative of r**8/6720 + r**7/840 + r**6/240 + r**5/120 + r**4/24 + 2*r**2. Let f(j) be the second derivative of q(j). Calculate f(-2).
-1
Let s(a) = -4*a + 2. Let j be (-38)/(-8) - 3/(-12). Suppose 3*b + j*x = 18 + 16, 0 = 2*b + 2*x - 16. Suppose 2*g - 3 = b. What is s(g)?
-10
Suppose -2*m = -0*m + 8. Let i(q) be the first derivative of 3 + q**3 + 3*q - 3/2*q**2 + 1/4*q**4. Determine i(m).
-1
Let i(k) be the second derivative of -k**4/12 + 2*k**3/3 + 2*k**2 + 10*k. What is i(6)?
-8
Let t be (2 - 3 - -3) + 1. Let v(l) = 4*l**2 - 7*l + 10. Let x(w) = -w**2 - 1. Let c(h) = t*x(h) + v(h). Determine c(6).
1
Let h(w) = -w**3 - 4*w**2 - w + 5. Let i be -4 + 0*4/16. What is h(i)?
9
Let w = 8 + -5. Suppose -1 - 5 = -w*t - 3*z, 0 = -2*t + 2*z + 20. Let i(v) = v**2 - 7*v + 2. Give i(t).
-4
Let a(l) be the second derivative of l**5/20 + l**4/2 - 5*l**3/3 - 7*l**2/2 - 3*l + 1. What is a(-7)?
14
Let b(g) = -24*g - 5. Let z(i) = 12*i + 2. Let r(d) = -2*b(d) - 5*z(d). Suppose -3*f - 3 + 6 = 0. Determine r(f).
-12
Let x = 2 + -4. Let w = -2 + x. Let h(j) = 6*j**3 + 10*j**2 + 9*j + 11. Let p(z) = -z**3 - z**2 - z - 1. Let k(n) = h(n) + 5*p(n). Give k(w).
6
Let y(u) = u**3 + 4*u**2 + 4*u + 1. Let i be y(-3). Let f be 1/(-2) - 23/i. Let h = f + -5. Let l(b) = -b**3 + 7*b**2 - 6*b + 4. Give l(h).
4
Suppose 0 = 4*n - n + 18. Let a(d) = -4 + 0*d - 4 - d. Let r be a(n). Let m(y) = -2*y**3 - 4*y**2 - y + 2. Give m(r).
4
Let n = 1 - 1. Let g(y) = 2*y**2 + y + 10. Let b(j) = -j**2 - j - 9. Let a be 3 - 3/6*2. Let s(h) = a*g(h) + 3*b(h). Determine s(n).
-7
Let j = 46 + -26. Suppose 4*f + 0 = -j. Let o(c) = -4*c**2 + 2*c - 1 + c - 3 - c**3. Give o(f).
6
Let w(b) = 9*b**2 - 5 - 19*b + 18*b - 3*b**2 + 1 + b**3. What is w(-6)?
2
Let i(k) be the third derivative of k**4/8 - 7*k**2. Suppose 14 = -5*u + 3*g, 2*u + 7*g - 3*g - 10 = 0. Calculate i(u).
-3
Let h = 11 + -16. Let b(o) = -o - 2. Calculate b(h).
3
Let r(n) = 3*n**3 + 2*n + 1. Let s = 4 - 1. Let a(f) = -3 - 5*f - f**2 - 3*f**s - 5*f**3 - 1. Let t(x) = -4*a(x) - 11*r(x). Give t(4).
-3
Let h(g) = -6 + 12 - 4*g**2 + 3*g**2 - 8 - 6*g. Determine h(-5).
3
Suppose -2*r - 17 = -3*r - 5*j, 4*j - 25 = 3*r. Let t(m) = -m**2 - 8*m - 4. Give t(r).
11
Suppose -1 = -a + p - 0, -2 = a - 2*p. Suppose -i - 1 = a. Let o(s) = -s**2 - 4*s + 5. Calculate o(i).
0
Let c(w) = -w**3 + w**2 - w - 2. Let g = 9 - 9. What is c(g)?
-2
Let a(n) = -n + 5. Let v be -2 + (-10)/(-2) - 0. Let k = 16 - 11. Suppose 4*y - y = -3*m + v, -5*y + k = 4*m. Calculate a(m).
5
Suppose -2*z + 24 = 2*z. Let b(r) = -2 - 6 - 2*r**2 - 2*r**2 + 7*r + 3*r**2. Determine b(z).
-2
Suppose 2*j - 5 = 5*v + 10,